0.
3208
What is the highest common factor of 63497830 and 1185?
395
What is the highest common factor of 320980 and 763057?
1459
Calculate the highest common factor of 12 and 218127018.
6
What is the highest common factor of 40526 and 1322914?
46
Calculate the greatest common factor of 196 and 265416095.
49
What is the highest common factor of 2398 and 536825?
109
Calculate the highest common divisor of 76345 and 40265.
5
Calculate the greatest common factor of 102712337 and 301.
301
Calculate the highest common divisor of 1051891 and 4603792.
4717
Calculate the greatest common divisor of 176070 and 1977853.
5869
What is the highest common divisor of 206568 and 17667?
1359
Calculate the highest common divisor of 12580 and 3500940.
740
What is the greatest common factor of 118971 and 3231?
9
Calculate the greatest common factor of 15 and 2687943.
3
What is the greatest common factor of 111826140 and 1200?
60
Calculate the highest common divisor of 5512 and 4418648.
104
Calculate the greatest common divisor of 13 and 108316559.
13
Calculate the highest common divisor of 3825 and 463131.
153
What is the highest common divisor of 1387094 and 3048?
254
What is the greatest common divisor of 4367468 and 70?
14
What is the highest common divisor of 3 and 41627307?
3
What is the highest common factor of 6682 and 3164441?
257
What is the greatest common divisor of 1649222151 and 453?
453
What is the greatest common divisor of 112 and 110295752?
56
Calculate the highest common divisor of 10929393 and 414.
207
What is the greatest common divisor of 26160891 and 304?
19
What is the greatest common factor of 161 and 680071?
7
What is the greatest common divisor of 105 and 67492920?
15
What is the greatest common divisor of 53164430 and 409332?
9746
Calculate the highest common divisor of 53786992 and 316.
316
What is the greatest common factor of 10005 and 3480360?
345
Calculate the highest common factor of 34584 and 23696328.
3144
What is the highest common factor of 360 and 15288975?
45
What is the greatest common factor of 137 and 49559339?
137
What is the greatest common divisor of 106700 and 11467340?
1940
Calculate the greatest common divisor of 49 and 3578911.
49
What is the highest common factor of 4154388 and 84?
84
What is the highest common factor of 82493333 and 221?
221
What is the highest common divisor of 729 and 10797?
3
Calculate the highest common divisor of 354002 and 1386.
22
What is the greatest common divisor of 1797055 and 52?
13
What is the greatest common factor of 286 and 350454?
26
Calculate the highest common factor of 21461284 and 16.
4
Calculate the greatest common divisor of 28463085 and 140.
35
What is the highest common factor of 86276980 and 100?
20
What is the greatest common factor of 33512 and 1363018?
118
What is the greatest common divisor of 109581120 and 110?
110
Calculate the highest common factor of 1008348741 and 932.
233
What is the highest common factor of 263796 and 60116?
76
What is the greatest common divisor of 13364 and 2131301?
257
Calculate the greatest common factor of 44457667 and 38230.
3823
Calculate the greatest common divisor of 44374232 and 336.
56
What is the highest common factor of 31440550 and 200?
50
What is the greatest common divisor of 2948 and 206126371?
737
What is the highest common divisor of 3462 and 92156709?
1731
What is the greatest common factor of 42 and 2978844?
6
Calculate the greatest common factor of 36119074 and 4105.
821
What is the greatest common divisor of 135 and 27411885?
135
What is the greatest common factor of 17 and 5435291?
17
Calculate the highest common factor of 1591520 and 475888.
784
Calculate the highest common divisor of 6973493 and 1853.
109
What is the highest common divisor of 360 and 461453130?
90
Calculate the highest common factor of 4566752 and 1984.
32
Calculate the greatest common factor of 912 and 1743706.
38
Calculate the highest common divisor of 3530706 and 5295.
1059
Calculate the greatest common divisor of 20272315 and 3220.
805
Calculate the highest common factor of 11872 and 1385314.
742
What is the greatest common divisor of 39937775 and 1150?
575
What is the greatest common factor of 1435104 and 191664?
1584
What is the highest common divisor of 78741 and 111150?
117
What is the greatest common factor of 15085589 and 267?
89
Calculate the greatest common divisor of 4216098 and 96.
6
What is the greatest common factor of 1925 and 516600?
175
What is the highest common factor of 61590 and 6879603?
6159
What is the highest common divisor of 151927012 and 4?
4
Calculate the highest common factor of 21765430 and 10.
10
Calculate the greatest common factor of 16406 and 4958398.
1262
Calculate the highest common divisor of 5696 and 89744.
16
Calculate the greatest common divisor of 10663336 and 624.
8
What is the highest common factor of 147 and 10753687?
49
Calculate the greatest common factor of 25634812 and 84.
28
Calculate the greatest common divisor of 145728750 and 3750.
3750
Calculate the greatest common factor of 163872 and 19008.
288
Calculate the greatest common divisor of 6329301 and 180499.
2959
What is the highest common factor of 12 and 215367?
3
Calculate the highest common divisor of 92 and 4304910.
46
Calculate the highest common divisor of 3674 and 255905122.
3674
Calculate the highest common factor of 144542322 and 324.
18
Calculate the highest common factor of 58 and 26023237.
29
Calculate the highest common divisor of 310284 and 17034.
102
Calculate the greatest common factor of 22838630 and 310.
310
What is the greatest common divisor of 31055000 and 5000?
5000
What is the greatest common factor of 31710 and 8610?
210
Calculate the highest common factor of 303190 and 3130.
10
What is the greatest common divisor of 12 and 24420102?
6
Calculate the greatest common factor of 3904 and 229696.
64
What is the greatest common divisor of 50 and 8647550?
50
What is the highest common divisor of 547059541 and 4403?
4403
What is the highest common factor of 305 and 5569849?
61
What is the greatest common factor of 73067500 and 33?
11
Calculate the greatest common divisor of 1595 and 3511255.
55
Calculate the greatest common factor of 23244 and 6301061.
1937
What is the greatest common divisor of 1862 and 65072?
98
Calculate the greatest common factor of 1931405 and 21945.
35
Calculate the highest common factor of 2685688 and 2432.
152
What is the greatest common factor of 2792 and 32874055?
349
Calculate the greatest common factor of 21033440 and 705.
235
Calculate the highest common divisor of 605451576 and 12.
12
What is the highest common factor of 5221575 and 7335?
45
Calculate the greatest common factor of 769204 and 3296.
412
Calculate the highest common factor of 64938 and 1932522.
822
What is the highest common factor of 1716 and 538644?
12
What is the highest common factor of 802284 and 372?
12
What is the highest common factor of 52168368 and 304?
16
Calculate the greatest common divisor of 1629833 and 6920.
173
Calculate the greatest common factor of 54 and 14772753.
27
What is the greatest common divisor of 1271 and 4573461?
31
Calculate the highest common factor of 33 and 88696476.
33
Calculate the highest common divisor of 696347 and 115924.
73
What is the greatest common factor of 3920 and 46910?
10
What is the greatest common factor of 12905 and 1358585?
445
What is the greatest common divisor of 9880461 and 892?
223
What is the highest common factor of 1081344 and 8052?
132
What is the highest common divisor of 71865728 and 64328?
3784
What is the greatest common factor of 100 and 242270390?
10
Calculate the highest common factor of 384 and 164182752.
96
What is the highest common factor of 395178588 and 36?
36
What is the highest common factor of 724 and 6271107?
181
What is the greatest common factor of 34889834 and 1946?
1946
What is the highest common factor of 23877 and 1429092?
63
Calculate the highest common divisor of 246431810 and 94.
94
What is the highest common factor of 8035 and 1258224755?
8035
What is the greatest common divisor of 253187 and 2057?
11
Calculate the greatest common divisor of 7806072 and 20992.
328
Calculate the greatest common divisor of 28 and 60264078.
14
What is the greatest com